{"id":462,"date":"2023-09-04T10:00:36","date_gmt":"2023-09-04T08:00:36","guid":{"rendered":"http:\/\/enpleineveil.com\/?page_id=462"},"modified":"2025-12-11T21:00:36","modified_gmt":"2025-12-11T20:00:36","slug":"rituels-celebrations","status":"publish","type":"page","link":"https:\/\/enpleineveil.com\/index.php\/rituels-celebrations\/","title":{"rendered":"Ev\u00e9nements"},"content":{"rendered":"\n<figure class=\"wp-block-image size-large\"><img loading=\"lazy\" decoding=\"async\" width=\"781\" height=\"1024\" src=\"http:\/\/enpleineveil.com\/wp-content\/uploads\/2023\/09\/image_648344145-781x1024.jpg\" alt=\"\" class=\"wp-image-513\" srcset=\"https:\/\/enpleineveil.com\/wp-content\/uploads\/2023\/09\/image_648344145-781x1024.jpg 781w, https:\/\/enpleineveil.com\/wp-content\/uploads\/2023\/09\/image_648344145-229x300.jpg 229w, https:\/\/enpleineveil.com\/wp-content\/uploads\/2023\/09\/image_648344145-768x1007.jpg 768w, https:\/\/enpleineveil.com\/wp-content\/uploads\/2023\/09\/image_648344145-1172x1536.jpg 1172w, https:\/\/enpleineveil.com\/wp-content\/uploads\/2023\/09\/image_648344145.jpg 1562w\" sizes=\"auto, (max-width: 767px) 89vw, (max-width: 1000px) 54vw, (max-width: 1071px) 543px, 580px\" \/><\/figure>\n\n\n\n<h1 class=\"wp-block-heading\">\u00c9v\u00e9nements<\/h1>\n\n\n\n<p>Bienvenue dans mon univers, o\u00f9 le son, l\u2019eau, l\u2019\u00e9nergie et le sacr\u00e9 se rejoignent pour te faire vivre des exp\u00e9riences rares, profondes et transformatrices.<br>Chaque rencontre est con\u00e7ue avec pr\u00e9cision, dans des lieux qui ont choisi de me faire confiance , des \u00e9tablissements reconnus comme les <strong><a href=\"https:\/\/www.newtadema.be\/\" class=\"ek-link\">New Thermen Tadema<\/a><\/strong> ou <strong>Sport Oase Zwembad Halle<\/strong> , mais aussi dans mon propre <strong>espace sacr\u00e9<\/strong>, une tente de 40 m\u00b2 immerg\u00e9e dans la nature, et dans ma piscine, pour des exp\u00e9riences aquatiques d\u2019une intensit\u00e9 vibratoire exceptionnelle.<\/p>\n\n\n\n<p>Ici, rien n\u2019est laiss\u00e9 au hasard : la qualit\u00e9 des instruments, l\u2019\u00e9nergie du lieu, la puissance des rituels et l\u2019expertise \u00e9nerg\u00e9tique que j\u2019active pour toi cr\u00e9ent des moments uniques, \u00e0 la fois enveloppants et profond\u00e9ment transformateurs.<\/p>\n\n\n\n<figure class=\"wp-block-gallery has-nested-images columns-default is-cropped wp-block-gallery-1 is-layout-flex wp-block-gallery-is-layout-flex\">\n<figure class=\"wp-block-image size-large\"><a href=\"https:\/\/enpleineveil.com\/index.php\/healing-sessions\/\"><img loading=\"lazy\" decoding=\"async\" width=\"1024\" height=\"1024\" data-id=\"1323\" src=\"https:\/\/enpleineveil.com\/wp-content\/uploads\/2025\/12\/Soiree-Session-Healing1-1024x1024.png\" alt=\"\" class=\"wp-image-1323\" srcset=\"https:\/\/enpleineveil.com\/wp-content\/uploads\/2025\/12\/Soiree-Session-Healing1-1024x1024.png 1024w, https:\/\/enpleineveil.com\/wp-content\/uploads\/2025\/12\/Soiree-Session-Healing1-300x300.png 300w, https:\/\/enpleineveil.com\/wp-content\/uploads\/2025\/12\/Soiree-Session-Healing1-150x150.png 150w, https:\/\/enpleineveil.com\/wp-content\/uploads\/2025\/12\/Soiree-Session-Healing1-768x768.png 768w, https:\/\/enpleineveil.com\/wp-content\/uploads\/2025\/12\/Soiree-Session-Healing1-100x100.png 100w, https:\/\/enpleineveil.com\/wp-content\/uploads\/2025\/12\/Soiree-Session-Healing1.png 1200w\" sizes=\"auto, (max-width: 767px) 89vw, (max-width: 1000px) 54vw, (max-width: 1071px) 543px, 580px\" \/><\/a><\/figure>\n\n\n\n<figure class=\"wp-block-image size-large\"><a href=\"https:\/\/enpleineveil.com\/index.php\/relaxation-sonore-aquatique-aquatische-klankontspanning\/\"><img loading=\"lazy\" decoding=\"async\" width=\"576\" height=\"1024\" data-id=\"1326\" src=\"https:\/\/enpleineveil.com\/wp-content\/uploads\/2025\/12\/IMG_9690-576x1024.png\" alt=\"\" class=\"wp-image-1326\" srcset=\"https:\/\/enpleineveil.com\/wp-content\/uploads\/2025\/12\/IMG_9690-576x1024.png 576w, https:\/\/enpleineveil.com\/wp-content\/uploads\/2025\/12\/IMG_9690-169x300.png 169w, https:\/\/enpleineveil.com\/wp-content\/uploads\/2025\/12\/IMG_9690.png 750w\" sizes=\"auto, (max-width: 576px) 100vw, 576px\" \/><\/a><figcaption class=\"wp-element-caption\">RELAXATION SONORE AQUATIQUE<\/figcaption><\/figure>\n\n\n\n<figure class=\"wp-block-image size-large\"><img loading=\"lazy\" decoding=\"async\" width=\"1024\" height=\"1024\" data-id=\"1325\" src=\"https:\/\/enpleineveil.com\/wp-content\/uploads\/2025\/12\/2-1024x1024.png\" alt=\"\" class=\"wp-image-1325\" srcset=\"https:\/\/enpleineveil.com\/wp-content\/uploads\/2025\/12\/2-1024x1024.png 1024w, https:\/\/enpleineveil.com\/wp-content\/uploads\/2025\/12\/2-300x300.png 300w, https:\/\/enpleineveil.com\/wp-content\/uploads\/2025\/12\/2-150x150.png 150w, https:\/\/enpleineveil.com\/wp-content\/uploads\/2025\/12\/2-768x768.png 768w, https:\/\/enpleineveil.com\/wp-content\/uploads\/2025\/12\/2-100x100.png 100w, https:\/\/enpleineveil.com\/wp-content\/uploads\/2025\/12\/2.png 1200w\" sizes=\"auto, (max-width: 767px) 89vw, (max-width: 1000px) 54vw, (max-width: 1071px) 543px, 580px\" \/><figcaption class=\"wp-element-caption\">HARMONISATION AQUATIQUE<\/figcaption><\/figure>\n\n\n\n<figure class=\"wp-block-image size-large\"><img loading=\"lazy\" decoding=\"async\" width=\"930\" height=\"1024\" data-id=\"1330\" src=\"https:\/\/enpleineveil.com\/wp-content\/uploads\/2025\/12\/IMG_1652-930x1024.jpg\" alt=\"\" class=\"wp-image-1330\" srcset=\"https:\/\/enpleineveil.com\/wp-content\/uploads\/2025\/12\/IMG_1652-930x1024.jpg 930w, https:\/\/enpleineveil.com\/wp-content\/uploads\/2025\/12\/IMG_1652-272x300.jpg 272w, https:\/\/enpleineveil.com\/wp-content\/uploads\/2025\/12\/IMG_1652-768x846.jpg 768w, https:\/\/enpleineveil.com\/wp-content\/uploads\/2025\/12\/IMG_1652-1394x1536.jpg 1394w, https:\/\/enpleineveil.com\/wp-content\/uploads\/2025\/12\/IMG_1652-1859x2048.jpg 1859w\" sizes=\"auto, (max-width: 767px) 89vw, (max-width: 1000px) 54vw, (max-width: 1071px) 543px, 580px\" \/><figcaption class=\"wp-element-caption\">VOYAGE SONORE<\/figcaption><\/figure>\n\n\n\n<figure class=\"wp-block-image size-large\"><img loading=\"lazy\" decoding=\"async\" width=\"940\" height=\"788\" data-id=\"1328\" src=\"https:\/\/enpleineveil.com\/wp-content\/uploads\/2025\/12\/Ceremonie-Solstice-dete.png\" alt=\"\" class=\"wp-image-1328\" srcset=\"https:\/\/enpleineveil.com\/wp-content\/uploads\/2025\/12\/Ceremonie-Solstice-dete.png 940w, https:\/\/enpleineveil.com\/wp-content\/uploads\/2025\/12\/Ceremonie-Solstice-dete-300x251.png 300w, https:\/\/enpleineveil.com\/wp-content\/uploads\/2025\/12\/Ceremonie-Solstice-dete-768x644.png 768w\" sizes=\"auto, (max-width: 767px) 89vw, (max-width: 1000px) 54vw, (max-width: 1071px) 543px, 580px\" \/><figcaption class=\"wp-element-caption\">CEREMONIE &#8211; RITUEL<\/figcaption><\/figure>\n\n\n\n<figure class=\"wp-block-image size-large\"><img loading=\"lazy\" decoding=\"async\" width=\"940\" height=\"788\" data-id=\"577\" src=\"https:\/\/enpleineveil.com\/wp-content\/uploads\/2023\/09\/animal-totem-image-1.png\" alt=\"\" class=\"wp-image-577\" srcset=\"https:\/\/enpleineveil.com\/wp-content\/uploads\/2023\/09\/animal-totem-image-1.png 940w, https:\/\/enpleineveil.com\/wp-content\/uploads\/2023\/09\/animal-totem-image-1-300x251.png 300w, https:\/\/enpleineveil.com\/wp-content\/uploads\/2023\/09\/animal-totem-image-1-768x644.png 768w\" sizes=\"auto, (max-width: 767px) 89vw, (max-width: 1000px) 54vw, (max-width: 1071px) 543px, 580px\" \/><figcaption class=\"wp-element-caption\">ANIMAL TOTEM<\/figcaption><\/figure>\n<\/figure>\n\n\n\n<hr class=\"wp-block-separator has-alpha-channel-opacity\"\/>\n\n\n\n<h2 class=\"wp-block-heading\"><mark style=\"background-color:#7bdcb5\" class=\"has-inline-color\"><a href=\"https:\/\/enpleineveil.com\/index.php\/healing-sessions\/\" class=\"ek-link\">Healing Session \u2014 New Thermen Tadema<\/a><\/mark><\/h2>\n\n\n\n<p>Dans la salle de repos qui borde le jardin des thermes, tu t\u2019allonges sur un transat et le monde s\u2019arr\u00eate.<br>Autour de toi, le silence\u2026 puis les instruments commencent.<br>Bols tib\u00e9tains, gong, carillons, tambours : chaque session est diff\u00e9rente, chaque vibration est choisie pour lib\u00e9rer ton corps et apaiser ton esprit.<br>Les Thermen ont choisi d\u2019int\u00e9grer ces sessions mensuelles \u00e0 leur parcours bien-\u00eatre, afin d\u2019offrir \u00e0 leurs visiteurs une exp\u00e9rience sonore raffin\u00e9e et profond\u00e9ment ressour\u00e7ante.<br><a href=\"https:\/\/www.newtadema.be\/experience-details?experienceId=6916e629-0c58-4bd5-ba96-174846c04fde&amp;referrer=experiences-list\" class=\"ek-link\">R\u00e9servation <\/a><strong>:<\/strong> directement au bar des thermes le jour-m\u00eame.<\/p>\n\n\n\n<hr class=\"wp-block-separator has-alpha-channel-opacity\"\/>\n\n\n\n<h2 class=\"wp-block-heading\"><mark style=\"background-color:#7bdcb5\" class=\"has-inline-color\"><a href=\"https:\/\/enpleineveil.com\/index.php\/relaxation-sonore-aquatique-aquatische-klankontspanning\/\" class=\"ek-link\">Relaxation sonore aquatique \u2013 Sport Oase Zwembad Halle<\/a><\/mark><\/h2>\n\n\n\n<p>Une exp\u00e9rience douce, enveloppante, presque flottante entre deux mondes.<br>Ici, tu reposes sur un matelas pneumatique, allong\u00e9 confortablement \u00e0 la surface de l\u2019eau, tandis que mes instruments r\u00e9sonnent \u00e0 l\u2019ext\u00e9rieur de la piscine.<br>Les sons glissent sur l\u2019eau et viennent caresser ton corps ; tu flottes, tu respires, et tu te laisses porter par une d\u00e9tente profonde.<br>La relaxation sonore aquatique est un cocon suspendu : tu n\u2019es pas immerg\u00e9, tu te laisses bercer, port\u00e9 entre eau, air et vibrations.<\/p>\n\n\n\n<hr class=\"wp-block-separator has-alpha-channel-opacity\"\/>\n\n\n\n<h2 class=\"wp-block-heading\"><mark style=\"background-color:#7bdcb5\" class=\"has-inline-color\">Harmonisation aquatique<\/mark><\/h2>\n\n\n\n<p>Ici, c\u2019est une toute autre dimension.<br>Tu entres dans l\u2019eau, tu t\u2019y immerges, et tout ton corps devient un amplificateur vibratoire.<br>Les bols tib\u00e9tains plong\u00e9s dans l\u2019eau diffusent leurs ondes dans toute la piscine, et comme nous sommes faits \u00e0 plus de 70 % d\u2019eau, ces vibrations se propagent directement dans ton corps, cr\u00e9ant une harmonisation profonde, presque cellulaire.<br>Dans la piscine, je d\u00e9pose \u00e9galement :<br>\ud83c\udf38 des cristaux de quartz rose, dont l\u2019\u00e9nergie se diffuse dans l\u2019eau,<br>\ud83d\udca7 de l\u2019eau dynamis\u00e9e, qui \u00e9l\u00e8ve le taux vibratoire de l\u2019ensemble du bassin.<\/p>\n\n\n\n<p>L\u2019harmonisation aquatique est une exp\u00e9rience rare, puissante, subtile, o\u00f9 l\u2019eau devient une m\u00e9decine vibratoire.<br>C\u2019est comme si ton corps r\u00e9apprenait \u00e0 respirer, \u00e0 vibrer, \u00e0 se r\u00e9aligner.<\/p>\n\n\n\n<hr class=\"wp-block-separator has-alpha-channel-opacity\"\/>\n\n\n\n<h2 class=\"wp-block-heading\"><mark style=\"background-color:#7bdcb5\" class=\"has-inline-color\"><a href=\"https:\/\/enpleineveil.com\/index.php\/voyage-sonore-de-groupe\/\" class=\"ek-link\">Voyages sonores<\/a><\/mark><\/h2>\n\n\n\n<p><br>Dans ma tente c\u00e9r\u00e9monielle ou dans des lieux partenaires, tu t\u2019allonges, tu fermes les yeux\u2026 et tu commences un v\u00e9ritable voyage int\u00e9rieur.<\/p>\n\n\n\n<p>Chaque s\u00e9ance d\u00e9marre par une m\u00e9ditation guid\u00e9e, un moment o\u00f9 ta respiration s\u2019apaise, ton mental ralentit et tes sens s\u2019ouvrent.<br>Puis j\u2019utilise mes instruments , tambours, bols, carillons,  pour t\u2019amener dans un espace o\u00f9 les fronti\u00e8res s\u2019effacent.<\/p>\n\n\n\n<p>J\u2019int\u00e8gre aussi les \u00e9nergies des pierres pr\u00e9sentes dans l\u2019espace, et parfois une carte d\u2019oracle qui vient d\u00e9poser un message juste pour toi.<\/p>\n\n\n\n<hr class=\"wp-block-separator has-alpha-channel-opacity\"\/>\n\n\n\n<h2 class=\"wp-block-heading\"><mark style=\"background-color:#7bdcb5\" class=\"has-inline-color\">C\u00e9r\u00e9monies et rituels sacr\u00e9es<\/mark><\/h2>\n\n\n\n<p>Vivre une c\u00e9r\u00e9monie, c\u2019est entrer dans un espace hors du temps. Les c\u00e9r\u00e9monies sont parmi les exp\u00e9riences les plus profondes que je propose.<br>Sous la tente, entour\u00e9 d\u2019\u00e9l\u00e9ments naturels, nous honorons l\u2019\u00e9nergie des cycles :<br>\ud83c\udf15 <strong>Pleine Lune<\/strong><br>\u2600\ufe0f <strong>Solstice<\/strong><br>\ud83c\udf42 <strong>\u00c9quinoxe<\/strong><\/p>\n\n\n\n<p>\u00c0 chaque c\u00e9r\u00e9monie, nous ouvrons un espace sacr\u00e9 puissant :<br>\u2014 une <strong>purification<\/strong>, pour nettoyer les charges<br>\u2014 une <strong>offrande \u00e0 la Terre<\/strong>, pour se relier au vivant<br>\u2014 le <strong>cacao sacr\u00e9<\/strong>, pour ouvrir le c\u0153ur et adoucir l\u2019\u00e2me<br>\u2014 le <strong>feu sacr\u00e9<\/strong>, pour lib\u00e9rer, transformer et transmuter<br>\u2014 et un <strong>voyage sonore profond<\/strong>, pour int\u00e9grer les messages, les gu\u00e9risons et les intentions<\/p>\n\n\n\n<p>Ces c\u00e9r\u00e9monies sont de v\u00e9ritables portails \u00e9nerg\u00e9tiques o\u00f9 tu te reconnectes \u00e0 plus grand que toi, o\u00f9 tu ressens ton pouvoir int\u00e9rieur, o\u00f9 tu renoues avec la magie du sacr\u00e9. Les c\u00e9r\u00e9monies sont des exp\u00e9riences profond\u00e9ment transformatrices : tu reviens diff\u00e9rent, plus align\u00e9, plus l\u00e9ger, plus toi-m\u00eame.<\/p>\n\n\n\n<hr class=\"wp-block-separator has-alpha-channel-opacity\"\/>\n\n\n\n<h2 class=\"wp-block-heading\"><mark style=\"background-color:#7bdcb5\" class=\"has-inline-color\">\u00ab D\u00e9couverte de ton animal totem \u00bb<\/mark><\/h2>\n\n\n\n<p>Guid\u00e9 par le son du tambour chamanique, tu entres progressivement dans un \u00e9tat de conscience modifi\u00e9.<br>C\u2019est dans cet espace , entre le conscient et l\u2019invisible , que ton animal totem vient \u00e0 ta rencontre.<br>Une exp\u00e9rience surprenante, intense, r\u00e9v\u00e9latrice, qui ouvre une porte vers ta guidance int\u00e9rieure et tes ressources profondes.<\/p>\n\n\n\n<hr class=\"wp-block-separator has-alpha-channel-opacity\"\/>\n\n\n\n<h2 class=\"wp-block-heading\"><mark style=\"background-color:#7bdcb5\" class=\"has-inline-color\">Ateliers cr\u00e9atifs &amp; \u00e9nerg\u00e9tiques<\/mark><\/h2>\n\n\n\n<p>Cr\u00e9er, c\u2019est d\u00e9j\u00e0 se transformer.<br>Dans mes ateliers, tu donnes forme \u00e0 ton intention tout en te connectant \u00e0 ton \u00e9nergie.<\/p>\n\n\n\n<p>Selon le th\u00e8me du jour, tu peux cr\u00e9er :<br>\ud83d\udfe3 ton <strong>bracelet \u00e9nerg\u00e9tique personnalis\u00e9<\/strong><br>\ud83d\udcff un <strong>collier Mala<\/strong><br>\ud83e\udeb6 un <strong>dreamcatcher<\/strong><br>\ud83c\udf38 un <strong>soin visage Gua Sha<\/strong> en pierres \u00e9nerg\u00e9tiques<br>\ud83c\udf19 une <strong>Spell Jar<\/strong> (protection, abondance, amour\u2026)<\/p>\n\n\n\n<p>Tu repars avec ta cr\u00e9ation\u2026 mais surtout avec l\u2019\u00e9nergie, la vibration et la transformation qu\u2019elle porte.<\/p>\n\n\n\n<figure class=\"wp-block-image size-large\"><img loading=\"lazy\" decoding=\"async\" width=\"724\" height=\"1024\" src=\"http:\/\/enpleineveil.com\/wp-content\/uploads\/2025\/04\/1-1-724x1024.png\" alt=\"atelier creatif \u00e9nerg\u00e9tique leeuw saint pierre\" class=\"wp-image-897\" srcset=\"https:\/\/enpleineveil.com\/wp-content\/uploads\/2025\/04\/1-1-724x1024.png 724w, https:\/\/enpleineveil.com\/wp-content\/uploads\/2025\/04\/1-1-212x300.png 212w, https:\/\/enpleineveil.com\/wp-content\/uploads\/2025\/04\/1-1-768x1086.png 768w, https:\/\/enpleineveil.com\/wp-content\/uploads\/2025\/04\/1-1-1086x1536.png 1086w, https:\/\/enpleineveil.com\/wp-content\/uploads\/2025\/04\/1-1.png 1414w\" sizes=\"auto, (max-width: 724px) 100vw, 724px\" \/><\/figure>\n\n\n\n<hr class=\"wp-block-separator has-alpha-channel-opacity\"\/>\n\n\n\n<p>Chaque \u00e9v\u00e9nement est con\u00e7u comme une exp\u00e9rience compl\u00e8te, vibratoire et profond\u00e9ment humaine.<br>Explore, choisis ce qui te parle, laisse-toi appeler\u2026 et viens vivre un moment que ton corps et ton \u00e2me n\u2019oublieront pas.<\/p>\n\n\n\n<p><\/p>\n","protected":false},"excerpt":{"rendered":"<p>\u00c9v\u00e9nements Bienvenue dans mon univers, o\u00f9 le son, l\u2019eau, l\u2019\u00e9nergie et le sacr\u00e9 se rejoignent pour te faire vivre des exp\u00e9riences rares, profondes et transformatrices.Chaque rencontre est con\u00e7ue avec pr\u00e9cision, dans des lieux qui ont choisi de me faire confiance , des \u00e9tablissements reconnus comme les New Thermen Tadema ou Sport Oase Zwembad Halle , &hellip; <\/p>\n<p class=\"link-more\"><a href=\"https:\/\/enpleineveil.com\/index.php\/rituels-celebrations\/\" class=\"more-link\">Continuer la lecture<span class=\"screen-reader-text\"> de &laquo;&nbsp;Ev\u00e9nements&nbsp;&raquo;<\/span><\/a><\/p>\n","protected":false},"author":1,"featured_media":0,"parent":0,"menu_order":0,"comment_status":"closed","ping_status":"closed","template":"","meta":{"footnotes":""},"class_list":["post-462","page","type-page","status-publish","hentry"],"_links":{"self":[{"href":"https:\/\/enpleineveil.com\/index.php\/wp-json\/wp\/v2\/pages\/462","targetHints":{"allow":["GET"]}}],"collection":[{"href":"https:\/\/enpleineveil.com\/index.php\/wp-json\/wp\/v2\/pages"}],"about":[{"href":"https:\/\/enpleineveil.com\/index.php\/wp-json\/wp\/v2\/types\/page"}],"author":[{"embeddable":true,"href":"https:\/\/enpleineveil.com\/index.php\/wp-json\/wp\/v2\/users\/1"}],"replies":[{"embeddable":true,"href":"https:\/\/enpleineveil.com\/index.php\/wp-json\/wp\/v2\/comments?post=462"}],"version-history":[{"count":33,"href":"https:\/\/enpleineveil.com\/index.php\/wp-json\/wp\/v2\/pages\/462\/revisions"}],"predecessor-version":[{"id":1379,"href":"https:\/\/enpleineveil.com\/index.php\/wp-json\/wp\/v2\/pages\/462\/revisions\/1379"}],"wp:attachment":[{"href":"https:\/\/enpleineveil.com\/index.php\/wp-json\/wp\/v2\/media?parent=462"}],"curies":[{"name":"wp","href":"https:\/\/api.w.org\/{rel}","templated":true}]}}